{"id":5086,"date":"2022-05-17T09:44:19","date_gmt":"2022-05-17T07:44:19","guid":{"rendered":"https:\/\/landbell-group.com\/?post_type=job&#038;p=5086"},"modified":"2022-05-17T09:44:45","modified_gmt":"2022-05-17T07:44:45","slug":"hr-administrator-hr-generalist-m-w-d","status":"publish","type":"job","link":"http:\/\/lbg-old.hosting125805.a2fe8.netcup.net\/de\/jobs\/hr-administrator-hr-generalist-m-w-d\/","title":{"rendered":"HR-Administrator \/ HR Generalist (m\/w\/d)"},"content":{"rendered":"\n<h2>Ab sofort | In Vollzeit | F\u00fcr den Standort Mainz<\/h2>\n\n\n\n<h3>Ihre Aufgaben<\/h3>\n\n\n\n<ul><li>Ansprechpartner f\u00fcr Mitarbeiter und F\u00fchrungskr\u00e4fte in allen personalrelevanten Themen<\/li><li>Durchf\u00fchrung der HR-relevanten Prozesse (Onboarding, Offboarding, Mitarbeiterbeurteilung, etc.)<\/li><li>Erstellung und Koordination effektiver Einarbeitungspl\u00e4ne inklusive Induction Day<\/li><li>Unterst\u00fctzung bei der betrieblichen Altersversorgung (inklusive Pr\u00fcfung der Versicherungs\u00fcbernahme f\u00fcr neue Mitarbeiter) und anderen Benefit-Programmen<\/li><li>Operatives Personalmanagement (Erstellung von Arbeitsvertr\u00e4gen, Vertrags\u00e4nderungen, Arbeitszeugnissen, Bescheinigungen, Organigrammen, Zeiterfassung etc.)<\/li><li>Pr\u00fcfung aller vertragsrelevanten Unterlagen innerhalb des Employee Lifecycle<\/li><li>Organisation und Durchf\u00fchrung von Personalentwicklungsma\u00dfnahmen und Ausbildungsprogrammen<\/li><li>Betreuung der Auszubildenden und Werkstudenten<\/li><li>Aufbereitung und Erstellung von Statistiken und Personalauswertungen<\/li><li>Anlage und Pflege aller Personalstammdaten sowie Fehlzeitenerfassung<\/li><li>Korrespondenz mit Krankenkassen, Beh\u00f6rden und Versicherungen<\/li><li>Unterst\u00fctzung der Personalleitung im operativen Tagesgesch\u00e4ft<\/li><\/ul>\n\n\n\n<h3>Ihre Qualifikation<\/h3>\n\n\n\n<ul><li>Erfolgreich abgeschlossene kaufm\u00e4nnische Ausbildung mit dem Schwerpunkt Personal oder eine Weiterbildung zum\/zur Personalfachkaufmann\/-frau IHK, alternativ mit Schwerpunkt Personal<\/li><li>Mehrj\u00e4hrige Berufserfahrung in einer generalistischen HR-Funktion<\/li><li>Gute arbeits- und sozialversicherungsrechtliche Kenntnisse<\/li><li>Sie sind selbstst\u00e4ndig und zeichnen sich durch eine genaue, zuverl\u00e4ssige, und l\u00f6sungsorientierte Arbeitsweise aus<\/li><li>Eigenverantwortung und Gewissenhaftigkeit z\u00e4hlen zu Ihren St\u00e4rken<\/li><li>Mit Leichtigkeit halten Sie mehrere B\u00e4lle gleichzeitig in der Luft und sind sehr organisiert sowie strukturiert im Denken und Handeln<\/li><li>Sie haben Spa\u00df daran, sich in einem dynamischen Umfeld, in verschiedene Themenbereiche (auch auf internationaler Ebene) einzuarbeiten und sind motiviert, bestehende Prozesse zu \u00fcberdenken<\/li><li>Sie sind ein*e Teamplayer*in mit Blick \u00fcber den Tellerrand hinaus, geben gerne Impulse, bringen aktiv Ideen ein und suchen nach Optimierungsm\u00f6glichkeiten<\/li><li>Sie verf\u00fcgen \u00fcber eine ausgepr\u00e4gte Kommunikationsst\u00e4rke und sind dabei authentisch, emphatisch, verl\u00e4sslich und diskret<\/li><li>Sie kommunizieren flie\u00dfend in Deutsch und haben sehr gute Englischkenntnisse in Wort und Schrift<\/li><li>Sie sind technikaffin und beherrschen s\u00e4mtliche MS Office-Anwendungen<\/li><li>Kenntnisse des HR-Managementsystems rexx und des DATEV PMS von Vorteil<\/li><\/ul>\n\n\n\n<h3>Unser Angebot<\/h3>\n\n\n\n<ul><li>Ein abwechslungsreiches und verantwortungsvolles Aufgabengebiet in einem erfolgreichen Unternehmen mit internationaler Ausrichtung<\/li><li>Flache Hierarchien, sowie ein aufgeschlossenes und dynamisches Team<\/li><li>Ein unbefristeter Arbeitsvertrag bietet Ihnen Planungssicherheit<\/li><li>M\u00f6glichkeit zur pers\u00f6nlichen Weiterentwicklung im Rahmen von individuellen Fort- und Weiterbildungen<\/li><li>Ein kollegiales und ergebnisorientiertes Arbeitsklima, das von gegenseitiger Wertsch\u00e4tzung sowie hoher Kundenorientierung und Hands-On Mentalit\u00e4t gepr\u00e4gt ist<\/li><li>Wachsendes Unternehmen mit spannenden Entwicklungsm\u00f6glichkeiten<\/li><li>Moderner und attraktiver Arbeitsplatz im Herzen von Mainz<\/li><li>Landbell Jobrad: Leasingm\u00f6glichkeit eines Fahrrads oder e-Bikes, auch f\u00fcr den privaten Gebrauch<\/li><li>Firmen Laptop und \u2013 Handy<\/li><li>M\u00f6glichkeit zum Mobile Office sowie flexible Arbeitszeiten<\/li><li>Sonderurlaubstage und Zusatzleistungen<\/li><li>Private Unfallversicherung<\/li><li>30 Tage Jahresurlaub<\/li><li>Freie Getr\u00e4nke, Obst und die direkte Lage am Rhein runden das Wohlf\u00fchlangebot ab<\/li><\/ul>\n\n\n\n<p>Klingt das nach einer Herausforderung? Dann schicken Sie Ihre Bewerbung (bevorzugt per E-Mail) mit Angabe des Gehaltswunsches und des fr\u00fchestm\u00f6glichen Eintrittstermins an <a href=\"mailto:bewerbungen@landbell.de\"><strong>bewerbungen@landbell.de<\/strong><\/a>. Vergessen Sie nicht, uns Ihre Telefonnummer mitzuteilen, damit wir Sie schnell und einfach erreichen k\u00f6nnen. Bei Fragen steht Ihnen <strong>Doreen Prick<\/strong> gerne unter der <strong>06131\/235652-435 <\/strong>zur Verf\u00fcgung. Wir freuen uns auf Ihre Bewerbung und das Gespr\u00e4ch mit Ihnen!<\/p>\n\n\n\n<p>Sie wollen mehr \u00fcber unser Unternehmen erfahre? Dann folgen Sie diesem&nbsp;<a rel=\"noreferrer noopener\" href=\"http:\/\/www.landbell.de\/uber-landbell\/\" target=\"_blank\">Link<\/a>.<\/p>\n\n\n\n<p>Sie wollen wissen was die erweiterte Herstellerverantwortung (EPR) ist? Dann schau Sie dieses&nbsp;<a rel=\"noreferrer noopener\" href=\"http:\/\/www.youtube.com\/watch?v=wxIMgKdjhKI\" target=\"_blank\">Video<\/a>&nbsp;an.<\/p>\n\n\n\n<p>Besuchen Sie auch unseren&nbsp;<a rel=\"noreferrer noopener\" href=\"http:\/\/www.youtube.com\/channel\/UCqHkLVg0deDp39tI76THrvQ\/featured\" target=\"_blank\">YouTube Channel<\/a>.<\/p>\n\n\n\n<p>Die Landbell Group respektiert das Recht auf Privatsph\u00e4re von Personen, die sich bei unseren Unternehmen um eine Stelle bewerben. Weitere Informationen zur Verwaltung der Bewerber Daten finden Sie in unserer&nbsp;<a rel=\"noreferrer noopener\" href=\"http:\/\/lbg-old.hosting125805.a2fe8.netcup.net\/wp-content\/uploads\/2020\/01\/FORM.LB_.012-Applicant-Privacy-Notice.pdf\" target=\"_blank\">Datenschutzrichtlinie<\/a>.<\/p>\n","protected":false},"excerpt":{"rendered":"<p>Ab sofort | In Vollzeit | F\u00fcr den Standort Mainz Ihre Aufgaben Ansprechpartner f\u00fcr Mitarbeiter und F\u00fchrungskr\u00e4fte in allen personalrelevanten ThemenDurchf\u00fchrung der HR-relevanten Prozesse [&hellip;]<\/p>\n","protected":false},"template":"","_links":{"self":[{"href":"http:\/\/lbg-old.hosting125805.a2fe8.netcup.net\/de\/wp-json\/wp\/v2\/job\/5086"}],"collection":[{"href":"http:\/\/lbg-old.hosting125805.a2fe8.netcup.net\/de\/wp-json\/wp\/v2\/job"}],"about":[{"href":"http:\/\/lbg-old.hosting125805.a2fe8.netcup.net\/de\/wp-json\/wp\/v2\/types\/job"}],"wp:attachment":[{"href":"http:\/\/lbg-old.hosting125805.a2fe8.netcup.net\/de\/wp-json\/wp\/v2\/media?parent=5086"}],"curies":[{"name":"wp","href":"https:\/\/api.w.org\/{rel}","templated":true}]}}

<h2>Ab sofort | In Vollzeit | Für den Standort Mainz</h2>



<h3>Ihre Aufgaben</h3>



<ul><li>Ansprechpartner für Mitarbeiter und Führungskräfte in allen personalrelevanten Themen</li><li>Durchführung der HR-relevanten Prozesse (Onboarding, Offboarding, Mitarbeiterbeurteilung, etc.)</li><li>Erstellung und Koordination effektiver Einarbeitungspläne inklusive Induction Day</li><li>Unterstützung bei der betrieblichen Altersversorgung (inklusive Prüfung der Versicherungsübernahme für neue Mitarbeiter) und anderen Benefit-Programmen</li><li>Operatives Personalmanagement (Erstellung von Arbeitsverträgen, Vertragsänderungen, Arbeitszeugnissen, Bescheinigungen, Organigrammen, Zeiterfassung etc.)</li><li>Prüfung aller vertragsrelevanten Unterlagen innerhalb des Employee Lifecycle</li><li>Organisation und Durchführung von Personalentwicklungsmaßnahmen und Ausbildungsprogrammen</li><li>Betreuung der Auszubildenden und Werkstudenten</li><li>Aufbereitung und Erstellung von Statistiken und Personalauswertungen</li><li>Anlage und Pflege aller Personalstammdaten sowie Fehlzeitenerfassung</li><li>Korrespondenz mit Krankenkassen, Behörden und Versicherungen</li><li>Unterstützung der Personalleitung im operativen Tagesgeschäft</li></ul>



<h3>Ihre Qualifikation</h3>



<ul><li>Erfolgreich abgeschlossene kaufmännische Ausbildung mit dem Schwerpunkt Personal oder eine Weiterbildung zum/zur Personalfachkaufmann/-frau IHK, alternativ mit Schwerpunkt Personal</li><li>Mehrjährige Berufserfahrung in einer generalistischen HR-Funktion</li><li>Gute arbeits- und sozialversicherungsrechtliche Kenntnisse</li><li>Sie sind selbstständig und zeichnen sich durch eine genaue, zuverlässige, und lösungsorientierte Arbeitsweise aus</li><li>Eigenverantwortung und Gewissenhaftigkeit zählen zu Ihren Stärken</li><li>Mit Leichtigkeit halten Sie mehrere Bälle gleichzeitig in der Luft und sind sehr organisiert sowie strukturiert im Denken und Handeln</li><li>Sie haben Spaß daran, sich in einem dynamischen Umfeld, in verschiedene Themenbereiche (auch auf internationaler Ebene) einzuarbeiten und sind motiviert, bestehende Prozesse zu überdenken</li><li>Sie sind ein*e Teamplayer*in mit Blick über den Tellerrand hinaus, geben gerne Impulse, bringen aktiv Ideen ein und suchen nach Optimierungsmöglichkeiten</li><li>Sie verfügen über eine ausgeprägte Kommunikationsstärke und sind dabei authentisch, emphatisch, verlässlich und diskret</li><li>Sie kommunizieren fließend in Deutsch und haben sehr gute Englischkenntnisse in Wort und Schrift</li><li>Sie sind technikaffin und beherrschen sämtliche MS Office-Anwendungen</li><li>Kenntnisse des HR-Managementsystems rexx und des DATEV PMS von Vorteil</li></ul>



<h3>Unser Angebot</h3>



<ul><li>Ein abwechslungsreiches und verantwortungsvolles Aufgabengebiet in einem erfolgreichen Unternehmen mit internationaler Ausrichtung</li><li>Flache Hierarchien, sowie ein aufgeschlossenes und dynamisches Team</li><li>Ein unbefristeter Arbeitsvertrag bietet Ihnen Planungssicherheit</li><li>Möglichkeit zur persönlichen Weiterentwicklung im Rahmen von individuellen Fort- und Weiterbildungen</li><li>Ein kollegiales und ergebnisorientiertes Arbeitsklima, das von gegenseitiger Wertschätzung sowie hoher Kundenorientierung und Hands-On Mentalität geprägt ist</li><li>Wachsendes Unternehmen mit spannenden Entwicklungsmöglichkeiten</li><li>Moderner und attraktiver Arbeitsplatz im Herzen von Mainz</li><li>Landbell Jobrad: Leasingmöglichkeit eines Fahrrads oder e-Bikes, auch für den privaten Gebrauch</li><li>Firmen Laptop und – Handy</li><li>Möglichkeit zum Mobile Office sowie flexible Arbeitszeiten</li><li>Sonderurlaubstage und Zusatzleistungen</li><li>Private Unfallversicherung</li><li>30 Tage Jahresurlaub</li><li>Freie Getränke, Obst und die direkte Lage am Rhein runden das Wohlfühlangebot ab</li></ul>



<p>Klingt das nach einer Herausforderung? Dann schicken Sie Ihre Bewerbung (bevorzugt per E-Mail) mit Angabe des Gehaltswunsches und des frühestmöglichen Eintrittstermins an <a href="mailto:bewerbungen@landbell.de"><strong>bewerbungen@landbell.de</strong></a>. Vergessen Sie nicht, uns Ihre Telefonnummer mitzuteilen, damit wir Sie schnell und einfach erreichen können. Bei Fragen steht Ihnen <strong>Doreen Prick</strong> gerne unter der <strong>06131/235652-435 </strong>zur Verfügung. Wir freuen uns auf Ihre Bewerbung und das Gespräch mit Ihnen!</p>



<p>Sie wollen mehr über unser Unternehmen erfahre? Dann folgen Sie diesem&nbsp;<a rel="noreferrer noopener" href="http://www.landbell.de/uber-landbell/" target="_blank">Link</a>.</p>



<p>Sie wollen wissen was die erweiterte Herstellerverantwortung (EPR) ist? Dann schau Sie dieses&nbsp;<a rel="noreferrer noopener" href="http://www.youtube.com/watch?v=wxIMgKdjhKI" target="_blank">Video</a>&nbsp;an.</p>



<p>Besuchen Sie auch unseren&nbsp;<a rel="noreferrer noopener" href="http://www.youtube.com/channel/UCqHkLVg0deDp39tI76THrvQ/featured" target="_blank">YouTube Channel</a>.</p>



<p>Die Landbell Group respektiert das Recht auf Privatsphäre von Personen, die sich bei unseren Unternehmen um eine Stelle bewerben. Weitere Informationen zur Verwaltung der Bewerber Daten finden Sie in unserer&nbsp;<a rel="noreferrer noopener" href="http://lbg-old.hosting125805.a2fe8.netcup.net/wp-content/uploads/2020/01/FORM.LB_.012-Applicant-Privacy-Notice.pdf" target="_blank">Datenschutzrichtlinie</a>.</p>

<p>Ab sofort | In Vollzeit | Für den Standort Mainz Ihre Aufgaben Ansprechpartner für Mitarbeiter und Führungskräfte in allen personalrelevanten ThemenDurchführung der HR-relevanten Prozesse [&hellip;]</p>
